 - 166. Let q = i + -74. List the prime factors of q.
2, 23
Let l be (-54)/90 + 1/(10/56). Suppose 13 = 2*o + 5*p + 3, l*p = 20. Let h(d) = 5*d**2 + 15*d + 4. List the prime factors of h(o).
2, 3
Let g be (-1 - -117)/(-4)*2. Let m = 60 + g. Suppose 5*t + 32 = 4*c + m*t, 0 = -2*t. List the prime factors of c.
2
Suppose 331 = 4*k - 2*k - 42797. What are the prime factors of k?
2, 3, 599
Suppose 2*d - 4 = 0, 3*x + 6 = d + 13. Let t(s) = 3*s**2 - 2*s + 2. What are the prime factors of t(x)?
23
Let q(v) = 6*v**3 + 10*v**2 - 4*v + 47. Let r be q(-8). Let m = -1178 - r. List the prime factors of m.
5, 47
Let y(j) be the third derivative of -6*j**2 - 23/6*j**3 + 0 - 1/120*j**6 - 5/12*j**4 + 0*j - 11/60*j**5. What are the prime factors of y(-12)?
241
Suppose 0 = -7*n - 5*n + 96. Suppose i - 513 = -n*i. Let t = 57 + i. List the prime factors of t.
2, 3, 19
Suppose -4590 = -49*h + 46*h. Suppose 0 = 9*k - 4*k + h. List the prime factors of (k/(-36))/(1/2).
17
Let x be (-105)/10*-6 + (-4)/(-2). Let f(t) = -4*t**2 + 1. Let g be f(2). Let s = g + x. What are the prime factors of s?
2, 5
Suppose -2*v + 18948 - 17042 + 26086 = 0. What are the prime factors of v?
2, 3499
Let x(g) = 153*g**2 - 6*g + 9. Suppose -d - 5 - 3 = -2*z, 2*d = 3*z - 13. Let a be x(z). Suppose 6*w + 3*w - a = 0. What are the prime factors of w?
2, 19
Let s = 116 + -108. Suppose -2*n = -6, 2*o - 1 = 5*n - s. Suppose -o*v - 3*a = -1001, -2*v = -4*a + 49 - 533. What are the prime factors of v?
2, 31
Suppose -345876 = -232*v + 213*v. List the prime factors of v.
2, 3, 37, 41
Let s be (-12 + (-5 - -7))*5/(-10). What are the prime factors of -59*(-1)/((-6)/(-6))*s?
5, 59
Suppose 4*y - 26 = 2*p, p + 0*p - 35 = -4*y. Suppose -4*o = 3*x - 7317, 3*o - y*x + 3*x = 5524. Suppose -14*b + 575 = -o. What are the prime factors of b?
2, 43
Suppose 8 = -3*i + 23. Suppose -t + i*t - 16 = 0. Suppose -t*b + 3*m + 252 = -0*b, 4*b - 244 = m. List the prime factors of b.
2, 3, 5
Let x(r) = 109*r**2 - 133*r + 2183. List the prime factors of x(14).
5, 4337
Let k(h) = -h**2 - 3*h + 2. Suppose -b + 4*b - 4*d = -8, 6 = -3*b + 3*d. Let m be k(b). List the prime factors of 8840/51 + m/3.
2, 3, 29
Let t(d) = -d**3 - 6*d**2 + 34*d - 20. List the prime factors of t(-13).
7, 103
Suppose 590 = -9*w + 68*w. Let l(i) = 37*i + 149. What are the prime factors of l(w)?
3, 173
Suppose g - 1477 = 869. Suppose -4*s + 0*k = 2*k - g, 4*s - 2344 = -4*k. List the prime factors of s.
587
Let q(m) = 256*m**2 + 34*m - 158. List the prime factors of q(4).
2, 3, 7, 97
Suppose -76*h = -78*h - 400. Let n = 98 - h. What are the prime factors of n?
2, 149
List the prime factors of (-3354)/143*(1 + -23).
2, 3, 43
Let b be ((-2)/7 + 250/42)*-8268. List the prime factors of 2/(-9) - b/153.
2, 3, 17
Let i = 212 - -118. Suppose 0 = -2*y - z + i + 549, -3*z + 442 = y. What are the prime factors of y?
439
Let z be (-10024)/(-42)*(-9)/(-3). Let w = z + -278. List the prime factors of w.
2, 3, 73
Let z = 28895 - 4287. List the prime factors of z.
2, 769
Let m be 56/28*6/(-4). What are the prime factors of (m/4 - 0)/(3/(-348))?
3, 29
Let g(n) = -29*n - 7. Let k be g(-6). Let v = 363 - k. Suppose -308 = -5*u + 2*t - 0*t, -3*u + v = -4*t. What are the prime factors of u?
2, 3, 5
Let q(l) = -12*l - 70. Let g be q(-6). Suppose -5*n + g = -3, 5*d = -3*n + 3553. What are the prime factors of d?
2, 5, 71
Suppose 373*p - 168136 = 365*p. List the prime factors of p.
21017
Let a(n) = -n**3 + 2*n**2 + 6*n - 12. Let i be a(0). Suppose 3*o + 5*q + 24 = 0, 5*o = -q - 17 - 1. What are the prime factors of o/(9/(-226))*(-18)/i?
113
Let b(d) = 144*d**2 - 66*d - 485. What are the prime factors of b(-17)?
29, 31, 47
Let o(r) = -26*r**3 + 32*r**2 + 9*r + 50. List the prime factors of o(-7).
3, 3491
Let o be (1/(-2))/(((-15)/2418)/5). Suppose -2*q = q + 5*u - 229, 0 = -5*q - 3*u + o. List the prime factors of q.
83
Suppose -3*r - 15 - 10 = 2*p, -4*p - 10 = -2*r. Let x(w) = 7*w**2 - 2*w + 10. List the prime factors of x(p).
3, 5, 13
Suppose 138*s - 5690684 = -235820. What are the prime factors of s?
2, 3, 61
Suppose 12272 = -7*t + 68307. What are the prime factors of t?
5, 1601
Let t = 30320 + -16862. List the prime factors of t.
2, 3, 2243
Let w(r) = -r**3 + 6*r**2 - 6*r - 3. Let j be w(3). Let y = 0 - j. List the prime factors of (-6)/36 + 1 + (-673)/y.
113
Suppose -r = -u - 7797, r = 5*r - u - 31176. What are the prime factors of r?
7793
Suppose 0 = -4*v + 3 + 149. Suppose v = -5*q - 4*h, 3*q = q + 5*h - 2. What are the prime factors of 7*((-33)/q + 0)*2?
7, 11
Suppose -6048 = 5*f - 12*f. Suppose -t = -c + 156 + 67, 3*t = -4*c + f. Let a = -148 + c. What are the prime factors of a?
71
Suppose 0 = -4*n - 3*s + 11, -2*s - 34 = -5*n + s. Let x be (-28)/10 - 1/n - -5. Suppose 0 = -x*r, r = 4*k - 0*k - 148. What are the prime factors of k?
37
Let i(o) = -o**2 + 10*o + 26. Let q be i(12). Let s be 1 - (-5)/q*2. Suppose 1183 = p + s*p. List the prime factors of p.
13
Suppose 28*r = 11*r + 17. What are the prime factors of (-20)/((-33)/(-144)*4 - r)?
2, 3, 5
Let l(d) = d**3 + 18*d**2 - 34*d - 24. Let h = -22 + 2. Let p be l(h). List the prime factors of (p/56)/(25/28 - 1).
2, 3
Suppose 3*x + 0 = -0. Let p be (2 + -94)/(-2) - (x - -1). Suppose p*j = 44*j + 108. List the prime factors of j.
2, 3
Let c be 0/((-3 - -1)/(1 + 1)). Suppose 2*r - 19 = j - c*j, 0 = -2*r + 3*j + 17. Suppose 2*u = -r, 5*h = -3*u + 449 - 59. What are the prime factors of h?
3
Let z(s) = -12*s + 1. Let b be z(-7). Let w = b + -82. What are the prime factors of 1 + 8/(-4) + 126 + w?
2
Suppose -4*j - 14 - 11 = -o, j + 10 = o. Suppose 3*q = -o*k + 2887, 6*q = k + 5*q - 571. List the prime factors of k.
5, 23
Let q = 19 - 55. Let p be q/30*(-10)/4. Suppose 2*m + 2 = -p*i, m + 0 = -5*i + 6. List the prime factors of i.
2
Let t(r) = 125*r**2 + 74*r - 549. What are the prime factors of t(9)?
2, 3, 569
Let q(l) = -2 - 8 + 1 - 2 - 6*l. Suppose -82 = -3*k - 115. List the prime factors of q(k).
5, 11
Suppose 2*c = -u + 12, c + 0*u = -u + 6. Let x(a) = 17*a**2 - 18*a + 53. List the prime factors of x(c).
557
Suppose -k + 3*k = -50. Let t = k - -37. List the prime factors of (-1)/(-4) - (2 + (-165)/t).
2, 3
Suppose 5*b = -4*a + 44 + 2, -3*b - a = -29. Suppose b*f = -29 + 359. What are the prime factors of f?
3, 11
Let v(o) = 17*o - 1 - 14 + 14*o**2 - 33*o + o**3. Let y be v(-15). Suppose 4*b - 76 + 4 = y. What are the prime factors of b?
2, 3
List the prime factors of 38 - 50 - ((-361240)/(-5))/(-4).
2, 5, 19
Let a(w) = w**3 + 22*w**2 + 19*w - 42. Let b be a(-21). List the prime factors of (1356/10 - b)/((-35)/(-175)).
2, 3, 113
Suppose 5*u - u = -2*d + 24, 2*u - 12 = -5*d. Suppose -u*p = -3*p + 3. What are the prime factors of 2 - 0 - (-82 - p)?
83
Suppose -2*q - q = -2*l + 4, 2*l + q = -12. Let m be -4 - 156/(-2) - l. Suppose m = 16*h - 14*h. List the prime factors of h.
3, 13
Suppose 3*r = -5*s + 47543, -28539 = -202*s + 199*s - 4*r. What are the prime factors of s?
5, 1901
Let n(a) = -40*a + 1. Let w(y) = 41*y - 1. Let q(v) = -3*n(v) - 4*w(v). Let k = 105 - 106. List the prime factors of q(k).
3, 5
Let d(l) = l**3 - 4*l**2 - 2*l + 9. Let n be d(4). Let k be (-30)/n*18/(-5). Suppose 22 - k = -a. What are the prime factors of a?
2, 43
Let r(u) = 127 + 3*u**2 - 32*u - 43*u + 58*u. List the prime factors of r(15).
547
Let r be 10/((-4)/4*1). Let o be 15/r - (-26)/4. Suppose 2*v + 92 = 3*q + 344, -5*v = o*q - 655. What are the prime factors of v?
3, 43
Let x be (3*9/(-12) - -3)*4. Let j(o) = 13*o - 21. Let f be j(x). What are the prime factors of ((-6)/f)/((-1)/492)?
2, 41
What are the prime factors of (-29)/(-2030)*-28 - (38367/(-5) + 0)?
7673
Suppose -127814 = 51*q - 274950 - 318494. List the prime factors of q.
2, 5, 11, 83
What are the prime factors of (((-5466877)/65)/29)/((-2)/30)?
3, 17, 853
Let y = 28 + -29. Let w be 8 + -11 + 1*-6*y. Suppose -w*c - 213 = -5*c - 5*m, 2*m - 303 = -3*c. List the prime factors of c.
3, 11
Let o(i) be the second derivative of i**3/2 - 5*i**2/2 + 3*i - 7. List the prime factors of o(18).
7
Let m be 48/18 - (-2)/6. Suppose 0 = g + m*g. What are the prime factors of 47 - g/(6/(-2))?
47
Let d be (18384/(-60))/(2/(-5)). Let m = d + -428. What are the prime factors of m?
2, 13
Suppose 0 